me factors of b(11).
2, 5
Let b(k) = k**2 - 4*k - 4. Let i be b(5). Let n be 3 - 1 - -1*i. Suppose -n = -4*j + 9. What are the prime factors of j?
3
Let s be 8/(-12) - 155/(-3). Suppose 2*r - b - 34 = 0, 3*r - b = -3*b + s. What are the prime factors of r?
17
Let o be -1 + 5 + 2/(-1). Suppose 4*l + o*d - 92 = 0, 3*d - d = 5*l - 106. What are the prime factors of l?
2, 11
Let q(s) = s**2 + 14*s + 5. List the prime factors of q(-26).
317
Let q be (2 + 4/2)*1. Suppose -36 = 2*j - q*j. What are the prime factors of j?
2, 3
Suppose 0 = 5*q - q + 4*h - 24, 5*q + 3*h - 30 = 0. Suppose -3*a = f + 2*f + q, -5*f = 4*a + 10. What are the prime factors of ((-23)/2 - f)*-2?
19
Suppose c - 180 = -2*c. Suppose 0 = -0*m + 5*m - c. What are the prime factors of m?
2, 3
Let o = -16 - -19. What are the prime factors of o?
3
Let w be 146/8 - 9/(-12). Suppose -w = u - 33. List the prime factors of u.
2, 7
Let q(v) be the first derivative of 3*v**2/2 + 3*v - 11. Let h = -7 - -11. List the prime factors of q(h).
3, 5
Suppose -7*f + 1992 = 438. What are the prime factors of f?
2, 3, 37
Let s(u) = u**3 - 3*u**2 - 4*u + 3. Let k be s(4). Suppose 0 = 5*h + 12 - 2. What are the prime factors of 34/k + h/(-3)?
2, 3
Suppose -22 = -5*w - 2. Suppose 207 = w*y + 3. List the prime factors of y.
3, 17
Let x(s) = s**3 + 2*s**2 - 4*s + 1. Let n be x(-3). Suppose -2*t + t + 11 = n*b, 0 = b + 4*t + 1. List the prime factors of b.
3
Suppose f + 3*c = 11, -2*c = -0*f + 3*f - 5. What are the prime factors of (f - (-3 - -1)) + 15?
2
Suppose 4*j - 2*f - 76 = 0, 5*j = -0*j - 3*f + 106. Suppose n = -3*n + j. Suppose n*k + 4*d = 13, d - 2*d + 12 = 3*k. What are the prime factors of k?
5
Let a be (3 - -1 - 5)*-30. Let r = 53 - a. List the prime factors of r.
23
Let s = -6 + 10. Let m(q) = 4*q**2 + q + 3. Let r(b) = 5*b**2 + b + 2. Let w(i) = s*m(i) - 3*r(i). What are the prime factors of w(0)?
2, 3
Let d(n) = 0 + 5*n**2 + 5 + 2 - 4*n**2 + 4*n. What are the prime factors of d(-5)?
2, 3
Let q(s) = 5*s. Let k be q(-3). Let d be 3/((-9)/k) + -2. Suppose -5*l + d*l = -5*b - 16, -3*l + 13 = -2*b. List the prime factors of l.
3
Suppose 8 = 5*t - 3*t. Suppose t*k + 3 = -3*g, 0 = -5*k + 5*g + 11 + 29. Suppose k = j - 7. What are the prime factors of j?
2, 5
What are the prime factors of (4/6)/(4/666)?
3, 37
Let q be (10/(-8))/((-5)/140). Suppose 11 = -3*y + q. What are the prime factors of y?
2
Let x = 0 - -3. Suppose -m = -x*p + 2*p + 8, -m + 28 = 5*p. Suppose -4*n = s - 31, -p = -n - 3*s + s. List the prime factors of n.
2
Let g = 15 - 40. Let s = g + 40. Let r = s - 10. List the prime factors of r.
5
Suppose 2*s + 122 - 320 = 0. What are the prime factors of s?
3, 11
Suppose -3*n - 9 = 0, 2*s - 3*n = -13 + 42. What are the prime factors of s?
2, 5
Suppose -247 = -9*c + 176. List the prime factors of c.
47
Let k be (-2 - 1) + 8/(-4). Suppose 5*y - 37 - 28 = 0. Let t = y + k. What are the prime factors of t?
2
Suppose -5 = -3*w + 28. Let x(j) = -j**2 + 21. Let h be x(0). Let k = h - w. What are the prime factors of k?
2, 5
Let j(t) = -6 + t**2 + 3 + 0 - 5*t + 2. What are the prime factors of j(6)?
5
Let v(d) = d**2 - 7*d + 4. Let p be v(4). Let s = -25 - -38. Let g = s + p. List the prime factors of g.
5
Let b(v) = -6*v. Let j be b(-1). Suppose 3*h + 15 = -2*h. Let u = j + h. List the prime factors of u.
3
Let w = 11 + 12. List the prime factors of w.
23
Let m(n) = 11*n**3 - 5*n**2 + 5*n - 7. List the prime factors of m(3).
2, 5, 13
Suppose 2*a + 2*f + 3 = -1, -a - 4*f = 14. Let i be 6/(-3) + 0/a. What are the prime factors of -1*(3 + 5*i)?
7
List the prime factors of (5 - 8) + 1*33.
2, 3, 5
Let h(u) = -10*u + 2. Let n = 8 + -10. What are the prime factors of h(n)?
2, 11
Let h = 0 + 1. Suppose 0 = -2*f - 2*r, 0 = -4*f + r - 6 + h. List the prime factors of 0 - (16/2)/f.
2
Let i be (4/2)/(2/5). Let n be (-18)/3*i/(-2). Let y = 26 - n. What are the prime factors of y?
11
Let o(m) = -5*m - 3. Suppose -2*i = i - 5*j + 27, -j = 0. Let u = -11 - i. What are the prime factors of o(u)?
7
Let h(w) = 8*w - 1. Let g be h(-1). List the prime factors of g/(-45) - (-39)/5.
2
Suppose -m + 2 = 1. What are the prime factors of 2 + (-1 - -13*m)?
2, 7
Suppose -213 + 71 = -2*n. What are the prime factors of n?
71
List the prime factors of ((-150)/(-18))/(17/(-9) + 2).
3, 5
Let i = -7 + 10. Suppose 18 = -d + i*d. List the prime factors of d.
3
Let g = -21 + 13. Let d = 5 + g. What are the prime factors of 84/8*(-4)/d?
2, 7
Let j(u) = 3*u - 5. Let v(h) = 3*h - 6. Let n(i) = 7*j(i) - 6*v(i). Let s be n(4). Suppose 4*d = b - 20, 2*b - d + 2*d = s. What are the prime factors of b?
2
Let a be (18/(-15))/(1/5). Let x = 6 + a. Suppose 0 = 2*b - 2*q - 18, x*q - 2*q + 54 = 4*b. What are the prime factors of b?
2, 3
Let m be 0/(-3 - -7) - -12. What are the prime factors of 30/8 - (-3)/m?
2
Suppose 2*r - 2*m + 4 + 6 = 0, 0 = -5*r + 2*m - 28. Let v be ((-2)/r)/((-2)/(-24)). Let j = v - -1. List the prime factors of j.
5
Let z(a) = -a**3 - 2*a**2 - 2*a - 1. Let h be z(-2). Suppose 25 + 11 = h*g. What are the prime factors of g?
2, 3
Let o be (-8)/(-12)*(-18)/(-4). Suppose -16 = -c - o*c. Suppose -8 = -c*n + 3*n. List the prime factors of n.
2
Let h be (-2 + 1)*-2 + 2. Suppose 5*s = h*s + 1. List the prime factors of 12*(s - 3/12).
3
Let s be (0 - 2)/((-6)/(-15)). Let f = s - -20. What are the prime factors of f?
3, 5
Suppose 3*r - 525 = -9. What are the prime factors of r?
2, 43
Let u = -165 - -233. List the prime factors of u.
2, 17
Let a(d) = -d**3 - 4*d**2 - d + 1. Let b be a(-4). Let g = 16 - b. What are the prime factors of g?
11
Let z be (-1)/(-6) + 1390/12. Suppose 5*i - 89 = z. List the prime factors of i.
41
Let f(s) = 5*s + 7. Let c(p) = -p - 1. Let j(l) = -21*c(l) - 3*f(l). Let w be j(4). What are the prime factors of (w/28)/(2/14)?
2, 3
Let g = -13 + 9. Let i = g - -6. Suppose -i*d = -d - 6. List the prime factors of d.
2, 3
List the prime factors of (-8)/28 - 552/(-21).
2, 13
Suppose -3*v + 5*v = 22. Suppose 0*p + p - 3 = 0. Suppose -v - 10 = -p*k. List the prime factors of k.
7
Let v(o) be the second derivative of -1/2*o**2 + 1/6*o**3 + 0 - 2*o. What are the prime factors of v(7)?
2, 3
Let h = -7 + 55. What are the prime factors of h?
2, 3
Let z = -103 - -167. List the prime factors of z.
2
Let j(o) = -4*o - 9. Let h be j(7). Let l be h/(-2) - 1/2. Suppose 0 = 3*w - w - l. List the prime factors of w.
3
Let a(r) be the third derivative of -r**6/120 - 2*r**5/15 - r**4/12 - r**3/3 - 10*r**2. List the prime factors of a(-8).
2, 7
Suppose -7*i + 234 - 73 = 0. What are the prime factors of i?
23
Let l(r) be the third derivative of -r**6/120 + r**5/12 - 5*r**4/24 + 2*r**3/3 - r**2. List the prime factors of l(3).
7
Let y(z) = -z**2 + 2*z + 2. Let k be y(2). Suppose -3*t + 10 = k*t. List the prime factors of 6 + 4/t + -3.
5
Suppose -4*c + 92 = 4*f, 23 = -c + 2*c - f. What are the prime factors of c?
23
Let f be (-133)/5 - (-22)/(-55). Let w = f - -41. List the prime factors of w.
2, 7
Let q(v) = v**3 - 12*v**2 - 11*v + 20. List the prime factors of q(14).
2, 3, 43
Suppose 3*k - 128 = -0*k + 4*b, -4*k = 2*b - 134. What are the prime factors of k?
2, 3
Let x(b) = 17*b - 33. What are the prime factors of x(6)?
3, 23
Let x be (2 - (-5)/(-2))*-2. Let c(t) = 2*t - 8. Let l be c(12). What are the prime factors of x + 1 - l/(-2)?
2, 5
Suppose 2*f + 2 = f. Let d = 2 - f. Suppose 5*x + l - 26 = 0, -d*x + 17 = -5*l - 27. List the prime factors of x.
2, 3
Let i(j) = 7*j**2 - 3. Let f be (2/3)/((-4)/(-18)). List the prime factors of i(f).
2, 3, 5
Let f = 99 + -68. Let n = 53 - f. What are the prime factors of n?
2, 11
Let c(a) be the first derivative of 7*a**2/2 + a - 2. What are the prime factors of c(1)?
2
Let b = 61 + -25. Suppose -4*c + b = -c. List the prime factors of c.
2, 3
Let f(y) = -y**2 + 5*y + 3. Let x be (-14)/(-3) + 2/(-3). What are the prime factors of f(x)?
7
Let h be (24/(-10))/((-6)/(-45)). Let f = -13 - h. Suppose -2*r - 21 = -f*r. List the prime factors of r.
7
What are the prime factors of ((-100)/12)/(472/(-156) - -3)?
5, 13
Let r(i) be the second derivative of i**2 - 1/3*i**3 + 2*i + 0. List the prime factors of r(-4).
2, 5
Suppose 0 = -5*l + 24 + 26. Let f = 76 - 80. Let w = l - f. List the prime factors of 